Suppose 40130 = v*t + m, 2*m = -4*t + 7*t - 30103. Is t a prime number?
False
Suppose 138 = 63*i - 65*i. Suppose 5*b - 9 = 1. Is (i/(-6))/((-2)/(-88)*b) a composite number?
True
Let c(l) = -229*l**3 - 19*l**2 - 22*l + 83. Is c(-15) a prime number?
False
Let q(n) = 43*n - 1 + 27 + 4. Is q(16) prime?
False
Is (-50)/(-40)*(-1 - 3) - -25414 prime?
True
Is (-4 + (-8)/(-4))*3827320/(-80) composite?
True
Let z = 104 - 95. Suppose z*k = -2*k + 3157. Is k a prime number?
False
Let o = 244834 + -115616. Is o a prime number?
False
Let k(j) = -963*j + 32. Let f be k(-7). Suppose 0 = -8*a - 5*a + f. Is a composite?
False
Let k = 327 + -322. Suppose k*f + 22891 = 6*f. Is f prime?
False
Suppose 4*s = -2*s + 1031154. Is s a prime number?
False
Suppose t - 131 = -5*u - t, 3*u - 78 = -t. Let p be (4/(-5))/((-5)/u)*2. Let j(a) = -a**3 + 13*a**2 - 7*a + 5. Is j(p) a composite number?
False
Let d = 438 - 463. Let c(o) = 4*o**2 + 33*o + 58. Is c(d) a composite number?
False
Suppose 0 = 31*r - 1914261 - 4250120. Is r composite?
False
Suppose -3*y = -4*y + 1, -2*y - 862224 = -2*o. Is o a prime number?
False
Let x(h) = 9*h**2 + 4*h - 122. Is x(-59) a composite number?
False
Suppose -5*x + 70883 = 3*k, -x = k - 2*x - 23641. Suppose -23628 = -4*s + 2*r, 0 = s - 5*s + 4*r + k. Suppose 16*p - 11*p = s. Is p a prime number?
True
Let y be (3/2 + 3)/((-18)/(-12)). Suppose -t = 4*o - 4012, -3009 = -2*o - o + y*t. Is o prime?
False
Let t = -4800 + 4971. Let y = -43 + -5. Let c = y + t. Is c a prime number?
False
Let x(f) = 2155*f - 5. Let m = -15 + 17. Let l be x(m). Suppose -4*a + 3*a + 2877 = 2*j, -3*j + 2*a = -l. Is j composite?
True
Let s(y) = 6*y**2 - 97. Is s(36) a composite number?
True
Let j be -20 + 22 + 21655 + -1. Suppose 12*q = 20*q - j. Is q a composite number?
False
Let k(z) be the first derivative of 18 + 20 - 268*z**2 - 46 + 5*z. Is k(-1) a composite number?
False
Is (-7763581)/(-11 - -4)*(4 - (-1 - -4)) a composite number?
True
Suppose 76119 - 330037 = -11*n - 3*n. Is n a composite number?
True
Suppose -10 = 3*j - 2*n - 0, 0 = -j - n. Is (2/4)/(j + 1)*-1790 a prime number?
False
Suppose -3*c + 824711 = 4*a, 2*a - 3*c = 3*a - 206180. Is a prime?
True
Suppose -18 + 10 = 2*x, -6*o = 3*x - 365994. Is o composite?
False
Let l = -213 - -222. Suppose -41220 = l*r - 161001. Is r composite?
False
Let l = -9318 - -20113. Let u = 24332 - l. Is u composite?
False
Let h(b) = -b**3 + 28*b**2 + 6*b - 10. Let v(g) = g + 2. Let a be v(17). Is h(a) a composite number?
True
Suppose -108*x + 181*x + 121*x - 10838974 = 0. Is x a prime number?
True
Suppose -33*a - 16*a - 20678 = 0. Let x = a - -453. Is x a composite number?
False
Suppose 0 = -15*t + 17*t - 4. Suppose 15 = 3*y + 2*y - 3*p, t*y - 6 = -4*p. Suppose -y*f = b - 187, -b + 4*f + 187 = -0*b. Is b a composite number?
True
Suppose 47*s - 29251678 = 9*s. Is s prime?
True
Let n(c) = -56*c - 3. Let t(f) = f**2 - 15*f + 7. Suppose 4*u - 53 = p, 2*u - 2*p = -0*u + 28. Let x be t(u). Is n(x) a prime number?
True
Let t = -119 - -116. Is (t + 2)*-3577 + -6 prime?
True
Let p = 13308 - 8150. Is p composite?
True
Let s(j) be the third derivative of -1037*j**4/12 - j**3/3 - 22*j**2. Let a be s(-1). Let f = a + -1449. Is f a composite number?
True
Suppose -3*r + 3*l + 3 = -0*r, l = 4*r - 19. Suppose 31143 = 9*b - r*b. Is b a composite number?
True
Let x(b) = -238*b**3 - 6*b**2 + 136*b + 485. Is x(-12) prime?
False
Let r(f) be the first derivative of f**4/4 + 16*f**3/3 + f**2/2 + 19*f + 16. Let j be r(-16). Suppose 3*b + 11*w = 6*w + 9277, 3095 = b + j*w. Is b composite?
False
Let h be (0 + 1)/(4/20). Suppose 0 = h*d, 2*k + 2*d = -3*d. Suppose k = j + 2*y - 1305 + 362, -3*j + 5*y + 2884 = 0. Is j a prime number?
True
Let b be (-7500)/9*(-18)/(-12). Let m = b - -1983. Is m a composite number?
False
Let a(n) = n**2 - 8*n + 10. Let z be a(7). Suppose i + z*i = 20. Suppose -2*q - i*u + 594 = -285, 0 = 4*q + u - 1785. Is q a composite number?
True
Let g = 82 + -618. Let i be ((-217)/(-14) + -2)*-26. Let y = i - g. Is y a prime number?
False
Let u(x) = 136*x**2 + 3*x + 8. Let q = -31 - -34. Is u(q) a prime number?
False
Let l = 1099 + -5679. Let s = l - -8829. Is s a composite number?
True
Let h(v) = -14*v**2 - 1270*v + 93. Is h(-40) prime?
True
Let b = 5770 + -3546. Let m = 20129 - b. Is m prime?
False
Let y(r) = 824*r - 13 + 797*r + 702*r. Is y(2) prime?
False
Suppose 0 = 5*f - f - f. Suppose -c - 2*c + 12 = f. Is (-2)/15 + (c - 37174/(-30)) composite?
True
Suppose 775*u - 772*u - 3*r = 802098, -2*u = -5*r - 534753. Is u a prime number?
False
Is (110 + -105 - 1*488363*-1) + 9 prime?
False
Let y be 0 - (1 - 2 - 5/(-1)). Is 9946/6 + y/6 prime?
True
Suppose -7*n = -57*n + 1866650. Is n a prime number?
False
Let f = -3222 - -4855. Let z = -2340 + f. Let o = z - -1086. Is o composite?
False
Suppose -5*r = 24 + 16. Let q(z) = -4*z**3 + z**2 + 25*z + 25. Is q(r) a prime number?
False
Let a = -20 + 20. Suppose 5*y + y - 3810 = a. Is y composite?
True
Let c = -190 + 189. Is -10 + 14 + c*4 - -709 prime?
True
Suppose -6*y + 10*y = 5*y. Suppose -5*a + 9709 = -y*u + 2*u, a - 3*u = 1935. Is a composite?
True
Let t(i) = 15163*i**2 + 30*i - 11. Is t(4) a prime number?
False
Let b(d) = -2*d**3 - d**2 + 7*d + 8. Let o be b(-2). Suppose -10*p + 81232 = o*p. Is p prime?
True
Let h = -157714 - -508391. Is h a composite number?
False
Suppose -4842 = 40*t - 46*t. Suppose 2*n - 3*n - 2*w = -391, w + t = 2*n. Is n a composite number?
False
Let u(p) = 474*p**2 + 12*p - 29. Is u(4) composite?
False
Let h = 150 - 130. Is ((-23832)/h - -7)/((-2)/10) a prime number?
True
Suppose -5*v = 4*y - 152447, -6*v - 3 = -3*v. Is y a prime number?
True
Suppose 11 = -2*p + 17, w = -4*p + 34769. Suppose -c - 3*z + 17356 = 0, -c - c + w = -3*z. Is c a composite number?
True
Suppose 1138124 = -35*s - 2052091. Let g = s + 135760. Is g a prime number?
False
Suppose 8 = 4*t, -5*v - 4*t + 2674 = -3*v. Suppose -5*n = 4*s + 320 + 1589, -4*s - 1874 = -2*n. Let w = s + v. Is w prime?
False
Let x = 85992 + -50011. Is x a composite number?
True
Suppose 3*h = -5*y - 9, -3*y = -4*h - 1 + 18. Suppose 0*z + h*n = 4*z - 8964, 0 = 2*n - 8. Is z composite?
False
Let h be (-5739)/6 - ((-28)/8 + 4). Let y = h - -1543. Is y*6/(-8)*(-4)/6 prime?
True
Let u(r) = 36191*r + 1158. Is u(13) composite?
False
Suppose -768*z + 207613348 = -415*z - 18710131. Is z prime?
True
Let d(u) = -3260*u**2 + 10*u - 11. Let l be d(1). Let a = l + 4732. Is a prime?
True
Let k be 3*-15*2/(-18). Suppose k = j - 2*j. Is j/((-10)/(-274))*-2 prime?
False
Suppose -29*h + 2132678 = -295917 + 436092. Is h a composite number?
True
Suppose -49*g - 19*g + 30136034 = 18*g. Is g composite?
True
Let c(a) = a**3 + 50*a**2 - 113*a - 1981. Is c(-48) composite?
True
Let t be (4 - 56204/(-8))*-2. Let q = 23852 + t. Is q a prime number?
False
Let z = 63 + -87. Is ((-7934)/z*3)/(1/4) a prime number?
True
Let x(d) = 2327*d**2 - 110*d - 542. Is x(-5) a prime number?
False
Let k = -11453 - -21844. Is k a prime number?
True
Let g(k) = -k**2 + 5*k. Let s be g(3). Let t(v) = -13*v**2 + 16*v**2 + 15*v**2 - 3*v + 5*v**2 - 11. Is t(s) composite?
True
Let t = 3183 - -8632. Suppose 6*b = 23*b - t. Is b prime?
False
Let c(b) = -127*b + 19*b**2 + 368*b - 128*b - 34 - 121*b. Is c(19) composite?
False
Let m be (-40)/(16/(-2)) + 6079. Let a = -1643 + m. Is a a prime number?
True
Suppose 6*h - 672005 = -4*t + 5*h, -167998 = -t + 3*h. Is t composite?
True
Is 17570/1 - (-10 + -8 + 17) prime?
False
Suppose 5457 = -3*a + 7*a + o, 5*a + 4*o = 6813. Is (-92)/10*a/(-42) prime?
False
Let h(p) = 84*p**3 + p**2 + p - 3. Let d be h(2). Let w = -462 + d. Is w composite?
True
Let c be (6 + 33/(-6))*(10 - 0). Suppose -c = -2*w - 9. Is w/(-1*1058/1054 + 1) a prime number?
False
Let f(r) = r**3 - 8*r**2 - 21*r + 15. Let q be f(10). Let n be ((-1220)/(-25))/(2/q). Let m = n - 55. Is m prime?
True
Let o be (-3)/(13862/41532 - 3/9). Let l = o + 12441. Is l prime?
True
Let n(i) be the first derivative of 67*i**2/2 - 12*i + 39. Is n(7) prime?
True
Let g = 10121 + -16395. Let r = 8944 + g. Suppose -2*f - 4*f = -r. Is f composite?
True
Let g(p) be the first derivative of 11*p**3/3 + 9*p**2 + 7*p + 22. Is g(12) composite?
True
Suppose -2*z + 18 + 2 = -4*u, 0 = 3*u - 3. Suppose -3*f -